73
Let h(z) = -z - 2. Let k(v) = 721*v + 14. Let c(y) = -5*h(y) - k(y). List the prime factors of c(-1).
2, 89
Suppose z + 5*p - p = 17, 0 = -5*z + 2*p + 19. Suppose 2*r - 832 = -h, -h + 2078 = z*r + h. What are the prime factors of r?
2, 3, 23
Let n(r) = -r + 8. Suppose 3*i - 37 = -5*t, 2*t = -3*i - 2*i + 30. Let o be n(t). What are the prime factors of (57/(-3))/((o/15)/(-1))?
5, 19
Let o = 206 - 161. List the prime factors of (122/(-5))/(o/(-450)).
2, 61
Let t(q) = 3*q - 10. Let p(a) = -3*a + 3. Let x be p(-8). Let b = x + -17. What are the prime factors of t(b)?
2, 5
Let o(q) = q**3 + 5*q**2 + 5*q + 4. Suppose t - 3*a + 16 = 0, -5*a - 1 = -t - 25. Let n be o(t). Suppose n = 5*r - 70 - 0. What are the prime factors of r?
2, 7
Let t(l) = -l**3 + 2*l**2 + 3. Let y be t(3). Let s be 24/(-9)*9/y. Suppose 2*p - 80 = s*a + 44, 0 = -4*a + 16. What are the prime factors of p?
2, 5, 7
Let k = 296 - 291. Suppose 5*u - 605 = 5*n - 2085, -1181 = -4*n + k*u. List the prime factors of n.
13, 23
List the prime factors of (362565/(-189))/((-20)/96).
2, 1151
Let h(b) be the first derivative of 28 - 12*b**3 - b**2 + 56*b**3 - 3*b + 4*b. List the prime factors of h(1).
131
Let c = -320 - -1215. Suppose -530 + 178 = -2*m - 5*b, -5*b + c = 5*m. List the prime factors of m.
181
Let y(b) = -171*b + 120. Let r be y(4). Let v = r - -919. List the prime factors of v.
5, 71
Suppose 4*a + 43 = 2*k - 11, 98 = 4*k + 2*a. Let i(t) = -2*t**3 + 52*t**2 - 29*t - 82. What are the prime factors of i(k)?
443
Let o be 686 + 4 - (6 - 2). Suppose 7*z + o = 14*z. Let l = 168 - z. List the prime factors of l.
2, 5, 7
Let t(j) = 23*j**2 + 3*j + 10. Let n be t(-6). Suppose -2*k + 7*k - n = 0. Let f = 121 + k. What are the prime factors of f?
3, 5, 19
Suppose -1442 - 3256 = -3*q. What are the prime factors of q?
2, 3, 29
Let d = 169 + -167. Suppose -433 = -5*n + 3*v, -3*n - d*v + 255 = -5*v. What are the prime factors of n?
89
Let y(g) = 2*g - 61. Let m be y(33). Let f(z) = 3*z**3 - 3*z. List the prime factors of f(m).
2, 3, 5
Let i(g) = -84*g + 55. Let v be 185/(-25) - 6/(-15). List the prime factors of i(v).
643
Suppose 23*c - 86*c = -34*c - 162632. List the prime factors of c.
2, 701
Let u(s) = s**3 - 46*s**2 - 3*s + 138. Let v be u(46). Suppose 248*w - 259*w + 6039 = v. List the prime factors of w.
3, 61
Let x(b) = -b**3 - 11*b**2 + 15*b + 81. Let o be x(-4). List the prime factors of (-26)/o - (-1 - (-5213)/(-7)).
2, 373
Suppose -4*i = -f - 23119, -5879 = 5*i - 3*f - 34769. Suppose -2*q - i = 4*y - 9*y, y + q - 1152 = 0. What are the prime factors of y?
3, 5, 7, 11
Suppose 0 = -713*y + 698*y + 125175. What are the prime factors of y?
5, 1669
Let u(j) = 9648*j - 9958. List the prime factors of u(7).
2, 28789
Let k(t) = -57*t - 7. Let g be k(-3). Let r = g - 237. Let y = r + 122. What are the prime factors of y?
7
Suppose 5*z + 84 = -j - 2*j, -2*z - 2*j = 32. Let x(m) = 231*m + 4755. Let v be x(-20). Let g = v - z. List the prime factors of g.
3, 17
Let o(s) = 11 - 1 - 17 + 2*s**3 - s**2. What are the prime factors of o(5)?
2, 109
Let o(m) = -1 - 6*m - 14 + 7*m. Let v be o(19). Suppose -3*g + 5*j = -6*g + 578, -v*g - 2*j = -780. What are the prime factors of g?
2, 7
Suppose -5*k - 3*d + 18485 = -0*d, k = -5*d + 3697. What are the prime factors of k?
3697
Let n(d) = 2894*d + 499. List the prime factors of n(8).
67, 353
Suppose 4*l - 3225 + 89 = 0. Suppose 304 - l = 3*c. List the prime factors of ((-2)/(-5) + 424/c)*-48.
2, 3
Let o(r) be the third derivative of r**5/30 - r**4/3 - 5*r**3/6 - 9*r**2. Let v be o(6). Suppose 73 + v = 4*i. What are the prime factors of i?
23
Let x = 25380 + -4065. What are the prime factors of x?
3, 5, 7, 29
Let u be (-28)/35 - 2244/(-30). Suppose -80*d + 2088 = -u*d. List the prime factors of d.
2, 3, 29
Suppose -4*f - 61778 = -3*d + 47803, -3*f = -27. List the prime factors of d.
61, 599
Let h = 288 - 283. Suppose -h*x - 186 = -2*l + 120, 4*l + 2*x - 660 = 0. List the prime factors of l.
163
Suppose 0 = 5*j + 5, -5*r + j + 3 = 2. Suppose 41*y - 12*y - 12180 = r. List the prime factors of y.
2, 3, 5, 7
Let v = 1933 + -1697. Suppose -2*a - 5*f = 137 + 101, 5*a + 578 = -4*f. Let j = v + a. What are the prime factors of j?
2, 61
What are the prime factors of (-208)/(4/624*-6)?
2, 13
Let v be -5*(2/3 - (-32)/(-30)). Suppose 5*g + 5 = 0, -4*l - v*g - 7 + 33 = 0. Suppose -96 = -l*a + 72. What are the prime factors of a?
2, 3
Let m(q) be the third derivative of -q**6/30 - q**5/5 + 5*q**3/2 - 3*q**2 - 4*q. What are the prime factors of m(-5)?
5, 43
Let z(c) = -33 + 5*c - 4*c + c. Let w be z(8). Let q(s) = -4*s + 33. What are the prime factors of q(w)?
101
List the prime factors of 1 - 20 - (-496 + -29405).
2, 67, 223
Let m = 11 - -34. Let u be 3/(-2)*(-3)/6*-40. Let r = m + u. List the prime factors of r.
3, 5
Let f = -20572 + 30122. List the prime factors of f.
2, 5, 191
Let n = 94 + -92. Suppose 530 = n*j - 2*c, 11*j = 8*j - c + 791. List the prime factors of j.
2, 3, 11
Let c = -361 - -346. List the prime factors of -53*(-4 + c - -8).
11, 53
What are the prime factors of 757306/290 + (-6)/15?
7, 373
Suppose -4*h = -6*h + 5*k + 33503, 0 = -3*h - k + 50314. What are the prime factors of h?
41, 409
Let x(v) = -v**3 + v**2 + 2*v - 1. Let j be x(-3). Let o be (-35)/(-15)*(j - 2). Suppose -8*h + 49 = -o. List the prime factors of h.
2, 7
Let t(g) = -g**2 - g. Suppose -3*u + 8 = 11. Let z(w) = w**3 - 12*w**2 - 3*w - 4. Let h(f) = u*t(f) - z(f). What are the prime factors of h(13)?
2, 7
Let t be 6573/210 - (-6)/(-20). Suppose -53 = 3*z + 34. Let m = t + z. What are the prime factors of m?
2
Let u(v) = 3 + v - 4*v + 48 + 7*v. Let i be u(-6). List the prime factors of 3/i - 6745/(-45).
2, 3, 5
Let b = 1 + 3. Let d(g) be the third derivative of 19*g**5/60 - g**4/4 + g**3 + 725*g**2. List the prime factors of d(b).
2, 11, 13
Suppose -16 - 1 = -5*u - n, -27 = -3*u + 5*n. Suppose 362 = u*p - 1542. What are the prime factors of p?
2, 7, 17
Suppose 0*p - 4*p - 28 = z, 0 = 3*p - 5*z + 44. Let k = 9 + p. Suppose 4*w - 363 = k. What are the prime factors of w?
7, 13
Suppose -3*s - 5*i = -19428, -27*s + 23*s + 2*i = -25904. What are the prime factors of s?
2, 1619
Let d be (-1 + 2)/1 + 2. Suppose 0 = -5*b - 4*s + 249, -d*b + 4*s = 2*b - 281. Let p = b - 10. What are the prime factors of p?
43
Let j(a) = 576*a**2 + 23*a + 176. List the prime factors of j(-7).
3, 9413
Suppose 0 = 2*w - 8, -18*x - 5*w = -13*x - 110. Suppose 0 = 14*a - x*a + 1140. What are the prime factors of a?
3, 5, 19
Suppose 135*q - 140*q - 4*j + 38551 = 0, 4*q + 4*j = 30844. What are the prime factors of q?
3, 7, 367
Let h = 24060 + -1999. List the prime factors of h.
13, 1697
Suppose -2*x + 16 = -0*x. Suppose 46*n = 42*n + x. Suppose 2*v = 3*f - 269 - 141, n*f - 2*v = 270. List the prime factors of f.
2, 5, 7
Suppose -90824 = -3*f - 4*r, 0 = 3*f - r - 63671 - 27158. What are the prime factors of f?
2, 3, 29
Let f be -1 + (1451 - 0 - 3). Suppose -6*i = -353 - f. List the prime factors of i.
2, 3, 5
Let t be ((-106001)/(-35))/1 - 2/(-5). Suppose 18*c - t = 3577. What are the prime factors of c?
367
Suppose -3*x = 3*b - 5328 - 8982, -12 = 4*x. List the prime factors of b.
3, 37, 43
Let x(v) = -5*v**3 - 2*v**2 + 13*v + 6. Suppose 3*q + 6*d - d = -17, -q - 2*d - 6 = 0. List the prime factors of x(q).
2, 11
Suppose -3*p - c + 15593 = 0, c + 26007 = -29*p + 34*p. What are the prime factors of p?
2, 5, 13
Let j(c) = -6*c**2 + 19*c - 6. Let t(r) = r**3 - 13*r**2 + 37*r - 11. Let y(z) = -5*j(z) + 2*t(z). List the prime factors of y(8).
2, 5, 7
Let n be 8276/16 - (-2)/(-8). Let i = 794 - n. Suppose 3*k + 5*y - i = 76, -3*y - 15 = 0. List the prime factors of k.
2, 3, 7
Let k = 71 - 69. Let d(v) = 21*v**2 + v - 3. Let a be d(k). Let b = -45 + a. List the prime factors of b.
2, 19
Suppose 0 = 21*b + 595 + 3941. Let r = -87 - b. List the prime factors of r.
3, 43
Suppose -a = -0*s - 3*s + 14213, a - 1 = 0. What are the prime factors of s?
2, 23, 103
Let f(k) = 2 + k**2 + 5868*k**3 + 2*k + 2*k - 7*k. Let p be f(1). List the prime factors of (-2)/(-3) + -1 + p/27.
7, 31
Let d = 614 - 609. Suppose 495 = c - j, 10*c - d*c + 5*j - 2525 = 0. List the prime factors of c.
2, 5
List the prime factors of ((-4)/(-42))/((-32)/(-4